{"id":11139,"date":"2025-02-21T00:32:54","date_gmt":"2025-02-20T21:32:54","guid":{"rendered":"https:\/\/ued.org.tr\/?page_id=11139"},"modified":"2025-02-21T00:32:54","modified_gmt":"2025-02-20T21:32:54","slug":"ued-committees","status":"publish","type":"page","link":"https:\/\/arisdot.biz\/ued\/ued-committees\/","title":{"rendered":"UED Committees"},"content":{"rendered":"\t\t<div data-elementor-type=\"wp-page\" data-elementor-id=\"11139\" class=\"elementor elementor-11139\">\n\t\t\t\t\t\t<section class=\"elementor-section elementor-top-section elementor-element elementor-element-3162ee4 elementor-section-boxed elementor-section-height-default elementor-section-height-default\" data-id=\"3162ee4\" data-element_type=\"section\" data-e-type=\"section\">\n\t\t\t\t\t\t<div class=\"elementor-container elementor-column-gap-default\">\n\t\t\t\t\t<div class=\"elementor-column elementor-col-100 elementor-top-column elementor-element elementor-element-634cec7\" data-id=\"634cec7\" data-element_type=\"column\" data-e-type=\"column\">\n\t\t\t<div class=\"elementor-widget-wrap elementor-element-populated\">\n\t\t\t\t\t\t<section class=\"elementor-section elementor-inner-section elementor-element elementor-element-a0812be elementor-section-boxed elementor-section-height-default elementor-section-height-default\" data-id=\"a0812be\" data-element_type=\"section\" data-e-type=\"section\">\n\t\t\t\t\t\t<div class=\"elementor-container elementor-column-gap-default\">\n\t\t\t\t\t<div class=\"elementor-column elementor-col-100 elementor-inner-column elementor-element elementor-element-cc4ad81\" data-id=\"cc4ad81\" data-element_type=\"column\" data-e-type=\"column\">\n\t\t\t<div class=\"elementor-widget-wrap elementor-element-populated\">\n\t\t\t\t\t\t<div class=\"elementor-element elementor-element-e5d54b1 elementor-widget elementor-widget-mo-heading-block\" data-id=\"e5d54b1\" data-element_type=\"widget\" data-e-type=\"widget\" data-widget_type=\"mo-heading-block.default\">\n\t\t\t\t<div class=\"elementor-widget-container\">\n\t\t\t\t\t<div class=\"mo-element-mo-heading-block mo-element\">   <div class=\"mo-title-box title-box-style-5 text-left\">\r\n      <div class=\"content-inner\">\r\n           \r\n                     <h3 class=\"title\">Education Committee<\/h3>\r\n                        <\/div>\r\n   <\/div>\r\n   <div class=\"clearfix\"><\/div><\/div>\t\t\t\t<\/div>\n\t\t\t\t<\/div>\n\t\t\t\t\t<\/div>\n\t\t<\/div>\n\t\t\t\t\t<\/div>\n\t\t<\/section>\n\t\t\t\t<section class=\"elementor-section elementor-inner-section elementor-element elementor-element-6d78208 elementor-section-boxed elementor-section-height-default elementor-section-height-default\" data-id=\"6d78208\" data-element_type=\"section\" data-e-type=\"section\">\n\t\t\t\t\t\t<div class=\"elementor-container elementor-column-gap-default\">\n\t\t\t\t\t<div class=\"elementor-column elementor-col-25 elementor-inner-column elementor-element elementor-element-4a31f78\" data-id=\"4a31f78\" data-element_type=\"column\" data-e-type=\"column\">\n\t\t\t<div class=\"elementor-widget-wrap elementor-element-populated\">\n\t\t\t\t\t\t<div class=\"elementor-element elementor-element-582394d elementor-widget elementor-widget-mo-teams\" data-id=\"582394d\" data-element_type=\"widget\" data-e-type=\"widget\" data-widget_type=\"mo-teams.default\">\n\t\t\t\t<div class=\"elementor-widget-container\">\n\t\t\t\t\t<div class=\"mo-element-mo-teams mo-element\"><div class=\"mo-team tpl2\">\r\n   <figure class=\"team-member\"> \r\n      <div class=\"team-img\"><img decoding=\"async\" src=\"http:\/\/ued.org.tr\/wp-content\/uploads\/2024\/10\/eren-goker.jpg\" alt=\"Eren G\u00f6ker\"\/><div class=\"overlay\"><\/div><\/div>\r\n      <div class=\"team-social social-icons style1\">\r\n\r\n                        <\/div>\r\n\r\n      <div class=\"team-title\">\r\n         <h5 class=\"data-title\" data-title=\"Eren G\u00f6ker\"><span>Eren G\u00f6ker<\/span><\/h5>\t\r\n          <div class=\"team_company\">GKR International Education Consultancy<\/div>          <h6>Member<\/h6>      <\/div>\r\n   <\/figure>\r\n<\/div><\/div>\t\t\t\t<\/div>\n\t\t\t\t<\/div>\n\t\t\t\t\t<\/div>\n\t\t<\/div>\n\t\t\t\t<div class=\"elementor-column elementor-col-25 elementor-inner-column elementor-element elementor-element-ea9d76c\" data-id=\"ea9d76c\" data-element_type=\"column\" data-e-type=\"column\">\n\t\t\t<div class=\"elementor-widget-wrap elementor-element-populated\">\n\t\t\t\t\t\t<div class=\"elementor-element elementor-element-dce3c52 elementor-widget elementor-widget-mo-teams\" data-id=\"dce3c52\" data-element_type=\"widget\" data-e-type=\"widget\" data-widget_type=\"mo-teams.default\">\n\t\t\t\t<div class=\"elementor-widget-container\">\n\t\t\t\t\t<div class=\"mo-element-mo-teams mo-element\"><div class=\"mo-team tpl2\">\r\n   <figure class=\"team-member\"> \r\n      <div class=\"team-img\"><img decoding=\"async\" src=\"https:\/\/ued.org.tr\/wp-content\/uploads\/2025\/09\/burcu.jpg\" alt=\"Burcu PAKSOY\"\/><div class=\"overlay\"><\/div><\/div>\r\n      <div class=\"team-social social-icons style1\">\r\n\r\n                        <\/div>\r\n\r\n      <div class=\"team-title\">\r\n         <h5 class=\"data-title\" data-title=\"Burcu PAKSOY\"><span>Burcu PAKSOY<\/span><\/h5>\t\r\n          <div class=\"team_company\">EDUWORLD Education Services <\/div>          <h6>Vise President<\/h6>      <\/div>\r\n   <\/figure>\r\n<\/div><\/div>\t\t\t\t<\/div>\n\t\t\t\t<\/div>\n\t\t\t\t\t<\/div>\n\t\t<\/div>\n\t\t\t\t<div class=\"elementor-column elementor-col-25 elementor-inner-column elementor-element elementor-element-d170179\" data-id=\"d170179\" data-element_type=\"column\" data-e-type=\"column\">\n\t\t\t<div class=\"elementor-widget-wrap elementor-element-populated\">\n\t\t\t\t\t\t<div class=\"elementor-element elementor-element-96d6d24 elementor-widget elementor-widget-mo-teams\" data-id=\"96d6d24\" data-element_type=\"widget\" data-e-type=\"widget\" data-widget_type=\"mo-teams.default\">\n\t\t\t\t<div class=\"elementor-widget-container\">\n\t\t\t\t\t<div class=\"mo-element-mo-teams mo-element\"><div class=\"mo-team tpl2\">\r\n   <figure class=\"team-member\"> \r\n      <div class=\"team-img\"><img decoding=\"async\" src=\"https:\/\/ued.org.tr\/wp-content\/uploads\/2025\/08\/oz.jpg\" alt=\"\u00d6z\u00fcm SEKMEN\"\/><div class=\"overlay\"><\/div><\/div>\r\n      <div class=\"team-social social-icons style1\">\r\n\r\n                        <\/div>\r\n\r\n      <div class=\"team-title\">\r\n         <h5 class=\"data-title\" data-title=\"\u00d6z\u00fcm SEKMEN\"><span>\u00d6z\u00fcm SEKMEN<\/span><\/h5>\t\r\n          <div class=\"team_company\">EF International Language Campuses<\/div>          <h6>Member<\/h6>      <\/div>\r\n   <\/figure>\r\n<\/div><\/div>\t\t\t\t<\/div>\n\t\t\t\t<\/div>\n\t\t\t\t\t<\/div>\n\t\t<\/div>\n\t\t\t\t<div class=\"elementor-column elementor-col-25 elementor-inner-column elementor-element elementor-element-ac3dfdb\" data-id=\"ac3dfdb\" data-element_type=\"column\" data-e-type=\"column\">\n\t\t\t<div class=\"elementor-widget-wrap elementor-element-populated\">\n\t\t\t\t\t\t<div class=\"elementor-element elementor-element-858c88b elementor-widget elementor-widget-mo-teams\" data-id=\"858c88b\" data-element_type=\"widget\" data-e-type=\"widget\" data-widget_type=\"mo-teams.default\">\n\t\t\t\t<div class=\"elementor-widget-container\">\n\t\t\t\t\t<div class=\"mo-element-mo-teams mo-element\"><div class=\"mo-team tpl2\">\r\n   <figure class=\"team-member\"> \r\n      <div class=\"team-img\"><img decoding=\"async\" src=\"https:\/\/ued.org.tr\/wp-content\/uploads\/2025\/09\/kaan.jpg\" alt=\"Kaan ARMA\u011eAN\"\/><div class=\"overlay\"><\/div><\/div>\r\n      <div class=\"team-social social-icons style1\">\r\n\r\n                        <\/div>\r\n\r\n      <div class=\"team-title\">\r\n         <h5 class=\"data-title\" data-title=\"Kaan ARMA\u011eAN\"><span>Kaan ARMA\u011eAN<\/span><\/h5>\t\r\n          <div class=\"team_company\">SUCCESS International <\/div>          <h6>Member<\/h6>      <\/div>\r\n   <\/figure>\r\n<\/div><\/div>\t\t\t\t<\/div>\n\t\t\t\t<\/div>\n\t\t\t\t\t<\/div>\n\t\t<\/div>\n\t\t\t\t\t<\/div>\n\t\t<\/section>\n\t\t\t\t<section class=\"elementor-section elementor-inner-section elementor-element elementor-element-a8501f5 elementor-section-boxed elementor-section-height-default elementor-section-height-default\" data-id=\"a8501f5\" data-element_type=\"section\" data-e-type=\"section\">\n\t\t\t\t\t\t<div class=\"elementor-container elementor-column-gap-default\">\n\t\t\t\t\t<div class=\"elementor-column elementor-col-25 elementor-inner-column elementor-element elementor-element-10c52fe\" data-id=\"10c52fe\" data-element_type=\"column\" data-e-type=\"column\">\n\t\t\t<div class=\"elementor-widget-wrap\">\n\t\t\t\t\t\t\t<\/div>\n\t\t<\/div>\n\t\t\t\t<div class=\"elementor-column elementor-col-25 elementor-inner-column elementor-element elementor-element-9f810b8\" data-id=\"9f810b8\" data-element_type=\"column\" data-e-type=\"column\">\n\t\t\t<div class=\"elementor-widget-wrap\">\n\t\t\t\t\t\t\t<\/div>\n\t\t<\/div>\n\t\t\t\t<div class=\"elementor-column elementor-col-25 elementor-inner-column elementor-element elementor-element-aa1ae39\" data-id=\"aa1ae39\" data-element_type=\"column\" data-e-type=\"column\">\n\t\t\t<div class=\"elementor-widget-wrap\">\n\t\t\t\t\t\t\t<\/div>\n\t\t<\/div>\n\t\t\t\t<div class=\"elementor-column elementor-col-25 elementor-inner-column elementor-element elementor-element-9ebca8f\" data-id=\"9ebca8f\" data-element_type=\"column\" data-e-type=\"column\">\n\t\t\t<div class=\"elementor-widget-wrap\">\n\t\t\t\t\t\t\t<\/div>\n\t\t<\/div>\n\t\t\t\t\t<\/div>\n\t\t<\/section>\n\t\t\t\t\t<\/div>\n\t\t<\/div>\n\t\t\t\t\t<\/div>\n\t\t<\/section>\n\t\t\t\t<section class=\"elementor-section elementor-inner-section elementor-element elementor-element-5c172726 elementor-section-boxed elementor-section-height-default elementor-section-height-default\" data-id=\"5c172726\" data-element_type=\"section\" data-e-type=\"section\">\n\t\t\t\t\t\t<div class=\"elementor-container elementor-column-gap-default\">\n\t\t\t\t\t<div class=\"elementor-column elementor-col-25 elementor-inner-column elementor-element elementor-element-331efb60 half-table\" data-id=\"331efb60\" data-element_type=\"column\" data-e-type=\"column\">\n\t\t\t<div class=\"elementor-widget-wrap elementor-element-populated\">\n\t\t\t\t\t\t<div class=\"elementor-element elementor-element-1cbf254 elementor-widget elementor-widget-mo-icon-box\" data-id=\"1cbf254\" data-element_type=\"widget\" data-e-type=\"widget\" data-widget_type=\"mo-icon-box.default\">\n\t\t\t\t<div class=\"elementor-widget-container\">\n\t\t\t\t\t<div class=\"mo-element-mo-icon-box mo-element\"><div class=\"service iconbox icon-box-style4\">\r\n   <div class=\"content-inner\">\r\n      <div class=\"icon-wrap\"><svg xmlns=\"http:\/\/www.w3.org\/2000\/svg\" height=\"48\" width=\"48\" x=\"0px\" y=\"0px\" viewBox=\"0 0 60 60\" style=\"enable-background:new 0 0 60 60;\" xml:space=\"preserve\"><style type=\"text\/css\">\t.st0{fill:none;stroke:#afb0b9;stroke-width:2;stroke-miterlimit:10;}\t.st1{fill:none;stroke:#afb0b9;stroke-width:2;stroke-linecap:square;stroke-miterlimit:10;}\t.st2{fill:none;stroke:#494c63;stroke-width:2;stroke-linecap:square;stroke-miterlimit:10;}<\/style>  <g transform=\"translate(-849 -877)\">\t<g transform=\"translate(848 876)\">\t\t<line class=\"st0\" x1=\"31\" y1=\"2.4\" x2=\"31\" y2=\"10.6\"><\/line>    <line class=\"st0\" x1=\"53.6\" y1=\"25\" x2=\"45.4\" y2=\"25\"><\/line>    <line class=\"st0\" x1=\"8.4\" y1=\"25\" x2=\"16.6\" y2=\"25\"><\/line>    <path class=\"st1\" d=\"M22.8,12.7L31,25h8.2\"><\/path>\t<\/g>    <path class=\"st2\" d=\"M893.9,918c9.4-8.2,10.4-22.5,2.2-31.9c-8.2-9.4-22.5-10.4-31.9-2.2c-4.9,4.3-7.7,10.5-7.7,17  \"><\/path>    <g transform=\"translate(851 907.579)\">\t\t<path class=\"st2\" d=\"M23.9,26.8v-8.2c-8.2,0-17.5-3.1-17.5-17.4c3.3,5.3,8.2,8.2,17.5,8.2V1.2l12.3,13.3   L23.9,26.8z\"><\/path>\t<\/g><\/g><\/svg><\/div>\r\n      <div class=\"title-wrap\">\r\n         <h6  class=\"title\" data-title=\"History\"><span>History<\/span><\/h6>\t\r\n          <div class=\"content\">On the subject of studying abroad...<\/div>         <a class=\"button btn-absolute\" href=\"\/en\/history\"><span class=\"mo_btn_text\">Read<\/span><\/a>      <\/div>\r\n   <\/div>   \r\n<\/div><\/div>\t\t\t\t<\/div>\n\t\t\t\t<\/div>\n\t\t\t\t\t<\/div>\n\t\t<\/div>\n\t\t\t\t<div class=\"elementor-column elementor-col-25 elementor-inner-column elementor-element elementor-element-90c2f39 half-table\" data-id=\"90c2f39\" data-element_type=\"column\" data-e-type=\"column\">\n\t\t\t<div class=\"elementor-widget-wrap elementor-element-populated\">\n\t\t\t\t\t\t<div class=\"elementor-element elementor-element-23ca693 elementor-widget elementor-widget-mo-icon-box\" data-id=\"23ca693\" data-element_type=\"widget\" data-e-type=\"widget\" data-widget_type=\"mo-icon-box.default\">\n\t\t\t\t<div class=\"elementor-widget-container\">\n\t\t\t\t\t<div class=\"mo-element-mo-icon-box mo-element\"><div class=\"service iconbox icon-box-style4\">\r\n   <div class=\"content-inner\">\r\n      <div class=\"icon-wrap\"><\/div>\r\n      <div class=\"title-wrap\">\r\n         <h6  class=\"title\" data-title=\"Vision & Mission\"><span>Vision & Mission<\/span><\/h6>\t\r\n          <div class=\"content\">In the overseas education sector...<\/div>         <a class=\"button btn-absolute\" href=\"\/en\/mission-vision\"><span class=\"mo_btn_text\">Read<\/span><\/a>      <\/div>\r\n   <\/div>   \r\n<\/div><\/div>\t\t\t\t<\/div>\n\t\t\t\t<\/div>\n\t\t\t\t\t<\/div>\n\t\t<\/div>\n\t\t\t\t<div class=\"elementor-column elementor-col-25 elementor-inner-column elementor-element elementor-element-3ab4bb83 half-table\" data-id=\"3ab4bb83\" data-element_type=\"column\" data-e-type=\"column\">\n\t\t\t<div class=\"elementor-widget-wrap elementor-element-populated\">\n\t\t\t\t\t\t<div class=\"elementor-element elementor-element-d73bf7a elementor-widget elementor-widget-mo-icon-box\" data-id=\"d73bf7a\" data-element_type=\"widget\" data-e-type=\"widget\" data-widget_type=\"mo-icon-box.default\">\n\t\t\t\t<div class=\"elementor-widget-container\">\n\t\t\t\t\t<div class=\"mo-element-mo-icon-box mo-element\"><div class=\"service iconbox icon-box-style4\">\r\n   <div class=\"content-inner\">\r\n      <div class=\"icon-wrap\"><\/div>\r\n      <div class=\"title-wrap\">\r\n         <h6  class=\"title\" data-title=\"Rules\"><span>Rules<\/span><\/h6>\t\r\n          <div class=\"content\">International education is...<\/div>         <a class=\"button btn-absolute\" href=\"\/ued-rules\"><span class=\"mo_btn_text\">Read<\/span><\/a>      <\/div>\r\n   <\/div>   \r\n<\/div><\/div>\t\t\t\t<\/div>\n\t\t\t\t<\/div>\n\t\t\t\t\t<\/div>\n\t\t<\/div>\n\t\t\t\t<div class=\"elementor-column elementor-col-25 elementor-inner-column elementor-element elementor-element-138d31da half-table\" data-id=\"138d31da\" data-element_type=\"column\" data-e-type=\"column\">\n\t\t\t<div class=\"elementor-widget-wrap elementor-element-populated\">\n\t\t\t\t\t\t<div class=\"elementor-element elementor-element-fe0e710 elementor-widget elementor-widget-mo-icon-box\" data-id=\"fe0e710\" data-element_type=\"widget\" data-e-type=\"widget\" data-widget_type=\"mo-icon-box.default\">\n\t\t\t\t<div class=\"elementor-widget-container\">\n\t\t\t\t\t<div class=\"mo-element-mo-icon-box mo-element\"><div class=\"service iconbox icon-box-style4\">\r\n   <div class=\"content-inner\">\r\n      <div class=\"icon-wrap\"><\/div>\r\n      <div class=\"title-wrap\">\r\n         <h6  class=\"title\" data-title=\"We in the Press\"><span>We in the Press<\/span><\/h6>\t\r\n          <div class=\"content\">Press reports about UED<\/div>         <a class=\"button btn-absolute\" href=\"\/en\/we-in-the-press\"><span class=\"mo_btn_text\">Read<\/span><\/a>      <\/div>\r\n   <\/div>   \r\n<\/div><\/div>\t\t\t\t<\/div>\n\t\t\t\t<\/div>\n\t\t\t\t\t<\/div>\n\t\t<\/div>\n\t\t\t\t\t<\/div>\n\t\t<\/section>\n\t\t\t\t<\/div>\n\t\t","protected":false},"excerpt":{"rendered":"<p>Education Committee Eren G\u00f6ker GKR International Education Consultancy Member Burcu PAKSOY EDUWORLD Education Services Vise President \u00d6z\u00fcm SEKMEN EF International Language Campuses Member Kaan ARMA\u011eAN SUCCESS International Member History On the subject of studying abroad&#8230; Read Vision &#038; Mission In the overseas education sector&#8230; Read Rules International education is&#8230; Read We in the Press Press [&hellip;]<\/p>\n","protected":false},"author":2,"featured_media":0,"parent":0,"menu_order":0,"comment_status":"closed","ping_status":"closed","template":"","meta":{"footnotes":""},"class_list":["post-11139","page","type-page","status-publish","hentry"],"_links":{"self":[{"href":"https:\/\/arisdot.biz\/ued\/wp-json\/wp\/v2\/pages\/11139","targetHints":{"allow":["GET"]}}],"collection":[{"href":"https:\/\/arisdot.biz\/ued\/wp-json\/wp\/v2\/pages"}],"about":[{"href":"https:\/\/arisdot.biz\/ued\/wp-json\/wp\/v2\/types\/page"}],"author":[{"embeddable":true,"href":"https:\/\/arisdot.biz\/ued\/wp-json\/wp\/v2\/users\/2"}],"replies":[{"embeddable":true,"href":"https:\/\/arisdot.biz\/ued\/wp-json\/wp\/v2\/comments?post=11139"}],"version-history":[{"count":0,"href":"https:\/\/arisdot.biz\/ued\/wp-json\/wp\/v2\/pages\/11139\/revisions"}],"wp:attachment":[{"href":"https:\/\/arisdot.biz\/ued\/wp-json\/wp\/v2\/media?parent=11139"}],"curies":[{"name":"wp","href":"https:\/\/api.w.org\/{rel}","templated":true}]}}