{"id":9571,"date":"2024-04-03T11:19:21","date_gmt":"2024-04-03T08:19:21","guid":{"rendered":"http:\/\/ued.org.tr\/?page_id=9571"},"modified":"2024-04-03T11:19:21","modified_gmt":"2024-04-03T08:19:21","slug":"komiteler","status":"publish","type":"page","link":"https:\/\/arisdot.biz\/ued\/komiteler\/","title":{"rendered":"UED Komiteler"},"content":{"rendered":"\t\t<div data-elementor-type=\"wp-page\" data-elementor-id=\"9571\" class=\"elementor elementor-9571\">\n\t\t\t\t\t\t<section class=\"elementor-section elementor-top-section elementor-element elementor-element-3162ee4 elementor-section-boxed elementor-section-height-default elementor-section-height-default\" data-id=\"3162ee4\" data-element_type=\"section\" data-e-type=\"section\">\n\t\t\t\t\t\t<div class=\"elementor-container elementor-column-gap-default\">\n\t\t\t\t\t<div class=\"elementor-column elementor-col-100 elementor-top-column elementor-element elementor-element-634cec7\" data-id=\"634cec7\" data-element_type=\"column\" data-e-type=\"column\">\n\t\t\t<div class=\"elementor-widget-wrap elementor-element-populated\">\n\t\t\t\t\t\t<section class=\"elementor-section elementor-inner-section elementor-element elementor-element-a0812be elementor-section-boxed elementor-section-height-default elementor-section-height-default\" data-id=\"a0812be\" data-element_type=\"section\" data-e-type=\"section\">\n\t\t\t\t\t\t<div class=\"elementor-container elementor-column-gap-default\">\n\t\t\t\t\t<div class=\"elementor-column elementor-col-100 elementor-inner-column elementor-element elementor-element-cc4ad81\" data-id=\"cc4ad81\" data-element_type=\"column\" data-e-type=\"column\">\n\t\t\t<div class=\"elementor-widget-wrap elementor-element-populated\">\n\t\t\t\t\t\t<div class=\"elementor-element elementor-element-e5d54b1 elementor-widget elementor-widget-mo-heading-block\" data-id=\"e5d54b1\" data-element_type=\"widget\" data-e-type=\"widget\" data-widget_type=\"mo-heading-block.default\">\n\t\t\t\t<div class=\"elementor-widget-container\">\n\t\t\t\t\t<div class=\"mo-element-mo-heading-block mo-element\">   <div class=\"mo-title-box title-box-style-5 text-left\">\r\n      <div class=\"content-inner\">\r\n           \r\n                     <h3 class=\"title\">E\u011fitim Komitesi<\/h3>\r\n                              <div class=\"title-desc\">E\u011fitim komitesi hakk\u0131nda k\u0131sa bir bilgi yaz\u0131lacak.<\/div>\r\n               <\/div>\r\n   <\/div>\r\n   <div class=\"clearfix\"><\/div><\/div>\t\t\t\t<\/div>\n\t\t\t\t<\/div>\n\t\t\t\t\t<\/div>\n\t\t<\/div>\n\t\t\t\t\t<\/div>\n\t\t<\/section>\n\t\t\t\t<section class=\"elementor-section elementor-inner-section elementor-element elementor-element-6d78208 elementor-section-boxed elementor-section-height-default elementor-section-height-default\" data-id=\"6d78208\" data-element_type=\"section\" data-e-type=\"section\">\n\t\t\t\t\t\t<div class=\"elementor-container elementor-column-gap-default\">\n\t\t\t\t\t<div class=\"elementor-column elementor-col-25 elementor-inner-column elementor-element elementor-element-4a31f78\" data-id=\"4a31f78\" data-element_type=\"column\" data-e-type=\"column\">\n\t\t\t<div class=\"elementor-widget-wrap elementor-element-populated\">\n\t\t\t\t\t\t<div class=\"elementor-element elementor-element-582394d elementor-widget__width-initial elementor-widget elementor-widget-mo-teams\" data-id=\"582394d\" data-element_type=\"widget\" data-e-type=\"widget\" data-widget_type=\"mo-teams.default\">\n\t\t\t\t<div class=\"elementor-widget-container\">\n\t\t\t\t\t<div class=\"mo-element-mo-teams mo-element\"><div class=\"mo-team tpl2\">\r\n   <figure class=\"team-member\"> \r\n      <div class=\"team-img\"><img decoding=\"async\" src=\"http:\/\/ued.org.tr\/wp-content\/uploads\/2024\/10\/eren-goker.jpg\" alt=\"Eren G\u00f6ker\"\/><div class=\"overlay\"><\/div><\/div>\r\n      <div class=\"team-social social-icons style1\">\r\n\r\n                        <\/div>\r\n\r\n      <div class=\"team-title\">\r\n         <h5 class=\"data-title\" data-title=\"Eren G\u00f6ker\"><span>Eren G\u00f6ker<\/span><\/h5>\t\r\n          <div class=\"team_company\">GKR Yurtd\u0131\u015f\u0131 E\u011fitim Dan\u0131\u015fmanl\u0131k<\/div>          <h6>\u00dcye<\/h6>      <\/div>\r\n   <\/figure>\r\n<\/div><\/div>\t\t\t\t<\/div>\n\t\t\t\t<\/div>\n\t\t\t\t\t<\/div>\n\t\t<\/div>\n\t\t\t\t<div class=\"elementor-column elementor-col-25 elementor-inner-column elementor-element elementor-element-ea9d76c\" data-id=\"ea9d76c\" data-element_type=\"column\" data-e-type=\"column\">\n\t\t\t<div class=\"elementor-widget-wrap elementor-element-populated\">\n\t\t\t\t\t\t<div class=\"elementor-element elementor-element-dce3c52 elementor-widget__width-initial elementor-widget elementor-widget-mo-teams\" data-id=\"dce3c52\" data-element_type=\"widget\" data-e-type=\"widget\" data-widget_type=\"mo-teams.default\">\n\t\t\t\t<div class=\"elementor-widget-container\">\n\t\t\t\t\t<div class=\"mo-element-mo-teams mo-element\"><div class=\"mo-team tpl2\">\r\n   <figure class=\"team-member\"> \r\n      <div class=\"team-img\"><img decoding=\"async\" src=\"https:\/\/ued.org.tr\/wp-content\/uploads\/2025\/09\/burcu.jpg\" alt=\"Burcu PAKSOY\"\/><div class=\"overlay\"><\/div><\/div>\r\n      <div class=\"team-social social-icons style1\">\r\n\r\n                        <\/div>\r\n\r\n      <div class=\"team-title\">\r\n         <h5 class=\"data-title\" data-title=\"Burcu PAKSOY\"><span>Burcu PAKSOY<\/span><\/h5>\t\r\n          <div class=\"team_company\">EDUWORLD Uluslararas\u0131 Hizmetler Yurtd\u0131\u015f\u0131 E\u011ftiim<\/div>          <h6>Ba\u015fkan Yard\u0131mc\u0131s\u0131<\/h6>      <\/div>\r\n   <\/figure>\r\n<\/div><\/div>\t\t\t\t<\/div>\n\t\t\t\t<\/div>\n\t\t\t\t\t<\/div>\n\t\t<\/div>\n\t\t\t\t<div class=\"elementor-column elementor-col-25 elementor-inner-column elementor-element elementor-element-d170179\" data-id=\"d170179\" data-element_type=\"column\" data-e-type=\"column\">\n\t\t\t<div class=\"elementor-widget-wrap elementor-element-populated\">\n\t\t\t\t\t\t<div class=\"elementor-element elementor-element-96d6d24 elementor-widget__width-initial elementor-widget elementor-widget-mo-teams\" data-id=\"96d6d24\" data-element_type=\"widget\" data-e-type=\"widget\" data-widget_type=\"mo-teams.default\">\n\t\t\t\t<div class=\"elementor-widget-container\">\n\t\t\t\t\t<div class=\"mo-element-mo-teams mo-element\"><div class=\"mo-team tpl2\">\r\n   <figure class=\"team-member\"> \r\n      <div class=\"team-img\"><img decoding=\"async\" src=\"https:\/\/ued.org.tr\/wp-content\/uploads\/2025\/08\/oz.jpg\" alt=\"\u00d6z\u00fcm SEKMEN\"\/><div class=\"overlay\"><\/div><\/div>\r\n      <div class=\"team-social social-icons style1\">\r\n\r\n                        <\/div>\r\n\r\n      <div class=\"team-title\">\r\n         <h5 class=\"data-title\" data-title=\"\u00d6z\u00fcm SEKMEN\"><span>\u00d6z\u00fcm SEKMEN<\/span><\/h5>\t\r\n          <div class=\"team_company\">EF Uluslararas\u0131 Dil Kamp\u00fcsleri<\/div>          <h6>\u00dcye<\/h6>      <\/div>\r\n   <\/figure>\r\n<\/div><\/div>\t\t\t\t<\/div>\n\t\t\t\t<\/div>\n\t\t\t\t\t<\/div>\n\t\t<\/div>\n\t\t\t\t<div class=\"elementor-column elementor-col-25 elementor-inner-column elementor-element elementor-element-ac3dfdb\" data-id=\"ac3dfdb\" data-element_type=\"column\" data-e-type=\"column\">\n\t\t\t<div class=\"elementor-widget-wrap elementor-element-populated\">\n\t\t\t\t\t\t<div class=\"elementor-element elementor-element-858c88b elementor-widget__width-initial elementor-widget elementor-widget-mo-teams\" data-id=\"858c88b\" data-element_type=\"widget\" data-e-type=\"widget\" data-widget_type=\"mo-teams.default\">\n\t\t\t\t<div class=\"elementor-widget-container\">\n\t\t\t\t\t<div class=\"mo-element-mo-teams mo-element\"><div class=\"mo-team tpl2\">\r\n   <figure class=\"team-member\"> \r\n      <div class=\"team-img\"><img decoding=\"async\" src=\"https:\/\/ued.org.tr\/wp-content\/uploads\/2025\/09\/kaan.jpg\" alt=\"Kaan ARMA\u011eAN\"\/><div class=\"overlay\"><\/div><\/div>\r\n      <div class=\"team-social social-icons style1\">\r\n\r\n                        <\/div>\r\n\r\n      <div class=\"team-title\">\r\n         <h5 class=\"data-title\" data-title=\"Kaan ARMA\u011eAN\"><span>Kaan ARMA\u011eAN<\/span><\/h5>\t\r\n          <div class=\"team_company\">SUCCESS International Yurtd\u0131\u015f\u0131 E\u011ftiim<\/div>          <h6>\u00dcye<\/h6>      <\/div>\r\n   <\/figure>\r\n<\/div><\/div>\t\t\t\t<\/div>\n\t\t\t\t<\/div>\n\t\t\t\t\t<\/div>\n\t\t<\/div>\n\t\t\t\t\t<\/div>\n\t\t<\/section>\n\t\t\t\t\t<\/div>\n\t\t<\/div>\n\t\t\t\t\t<\/div>\n\t\t<\/section>\n\t\t\t\t<section class=\"elementor-section elementor-inner-section elementor-element elementor-element-5c172726 elementor-section-boxed elementor-section-height-default elementor-section-height-default\" data-id=\"5c172726\" data-element_type=\"section\" data-e-type=\"section\">\n\t\t\t\t\t\t<div class=\"elementor-container elementor-column-gap-default\">\n\t\t\t\t\t<div class=\"elementor-column elementor-col-25 elementor-inner-column elementor-element elementor-element-331efb60 half-table\" data-id=\"331efb60\" data-element_type=\"column\" data-e-type=\"column\">\n\t\t\t<div class=\"elementor-widget-wrap elementor-element-populated\">\n\t\t\t\t\t\t<div class=\"elementor-element elementor-element-296c7369 elementor-widget elementor-widget-mo-icon-box\" data-id=\"296c7369\" data-element_type=\"widget\" data-e-type=\"widget\" data-widget_type=\"mo-icon-box.default\">\n\t\t\t\t<div class=\"elementor-widget-container\">\n\t\t\t\t\t<div class=\"mo-element-mo-icon-box mo-element\"><div class=\"service iconbox icon-box-style4\">\r\n   <div class=\"content-inner\">\r\n      <div class=\"icon-wrap\"><svg xmlns=\"http:\/\/www.w3.org\/2000\/svg\" height=\"48\" width=\"48\" x=\"0px\" y=\"0px\" viewBox=\"0 0 60 60\" style=\"enable-background:new 0 0 60 60;\" xml:space=\"preserve\"><style type=\"text\/css\">\t.st0{fill:none;stroke:#afb0b9;stroke-width:2;stroke-miterlimit:10;}\t.st1{fill:none;stroke:#afb0b9;stroke-width:2;stroke-linecap:square;stroke-miterlimit:10;}\t.st2{fill:none;stroke:#494c63;stroke-width:2;stroke-linecap:square;stroke-miterlimit:10;}<\/style>  <g transform=\"translate(-849 -877)\">\t<g transform=\"translate(848 876)\">\t\t<line class=\"st0\" x1=\"31\" y1=\"2.4\" x2=\"31\" y2=\"10.6\"><\/line>    <line class=\"st0\" x1=\"53.6\" y1=\"25\" x2=\"45.4\" y2=\"25\"><\/line>    <line class=\"st0\" x1=\"8.4\" y1=\"25\" x2=\"16.6\" y2=\"25\"><\/line>    <path class=\"st1\" d=\"M22.8,12.7L31,25h8.2\"><\/path>\t<\/g>    <path class=\"st2\" d=\"M893.9,918c9.4-8.2,10.4-22.5,2.2-31.9c-8.2-9.4-22.5-10.4-31.9-2.2c-4.9,4.3-7.7,10.5-7.7,17  \"><\/path>    <g transform=\"translate(851 907.579)\">\t\t<path class=\"st2\" d=\"M23.9,26.8v-8.2c-8.2,0-17.5-3.1-17.5-17.4c3.3,5.3,8.2,8.2,17.5,8.2V1.2l12.3,13.3   L23.9,26.8z\"><\/path>\t<\/g><\/g><\/svg><\/div>\r\n      <div class=\"title-wrap\">\r\n         <h6  class=\"title\" data-title=\"Tarih\u00e7e\"><span>Tarih\u00e7e<\/span><\/h6>\t\r\n          <div class=\"content\">Yurtd\u0131\u015f\u0131nda e\u011fitim konusunda...<\/div>         <a class=\"button btn-absolute\" href=\"\/tarihce\"><span class=\"mo_btn_text\">Oku<\/span><\/a>      <\/div>\r\n   <\/div>   \r\n<\/div><\/div>\t\t\t\t<\/div>\n\t\t\t\t<\/div>\n\t\t\t\t\t<\/div>\n\t\t<\/div>\n\t\t\t\t<div class=\"elementor-column elementor-col-25 elementor-inner-column elementor-element elementor-element-90c2f39 half-table\" data-id=\"90c2f39\" data-element_type=\"column\" data-e-type=\"column\">\n\t\t\t<div class=\"elementor-widget-wrap elementor-element-populated\">\n\t\t\t\t\t\t<div class=\"elementor-element elementor-element-4e60600f elementor-widget elementor-widget-mo-icon-box\" data-id=\"4e60600f\" data-element_type=\"widget\" data-e-type=\"widget\" data-widget_type=\"mo-icon-box.default\">\n\t\t\t\t<div class=\"elementor-widget-container\">\n\t\t\t\t\t<div class=\"mo-element-mo-icon-box mo-element\"><div class=\"service iconbox icon-box-style4\">\r\n   <div class=\"content-inner\">\r\n      <div class=\"icon-wrap\"><\/div>\r\n      <div class=\"title-wrap\">\r\n         <h6  class=\"title\" data-title=\"Vizyon & Misyon\"><span>Vizyon & Misyon<\/span><\/h6>\t\r\n          <div class=\"content\">Yurtd\u0131\u015f\u0131 e\u011fitim sekt\u00f6r\u00fcnde...<\/div>         <a class=\"button btn-absolute\" href=\"\/misyon-vizyon\"><span class=\"mo_btn_text\">Oku<\/span><\/a>      <\/div>\r\n   <\/div>   \r\n<\/div><\/div>\t\t\t\t<\/div>\n\t\t\t\t<\/div>\n\t\t\t\t\t<\/div>\n\t\t<\/div>\n\t\t\t\t<div class=\"elementor-column elementor-col-25 elementor-inner-column elementor-element elementor-element-3ab4bb83 half-table\" data-id=\"3ab4bb83\" data-element_type=\"column\" data-e-type=\"column\">\n\t\t\t<div class=\"elementor-widget-wrap elementor-element-populated\">\n\t\t\t\t\t\t<div class=\"elementor-element elementor-element-31f1bbc1 elementor-widget elementor-widget-mo-icon-box\" data-id=\"31f1bbc1\" data-element_type=\"widget\" data-e-type=\"widget\" data-widget_type=\"mo-icon-box.default\">\n\t\t\t\t<div class=\"elementor-widget-container\">\n\t\t\t\t\t<div class=\"mo-element-mo-icon-box mo-element\"><div class=\"service iconbox icon-box-style4\">\r\n   <div class=\"content-inner\">\r\n      <div class=\"icon-wrap\"><\/div>\r\n      <div class=\"title-wrap\">\r\n         <h6  class=\"title\" data-title=\"Dernek T\u00fcz\u00fc\u011f\u00fc\"><span>Dernek T\u00fcz\u00fc\u011f\u00fc<\/span><\/h6>\t\r\n          <div class=\"content\">Uluslararas\u0131 e\u011fitim her g\u00fcn biraz daha...<\/div>         <a class=\"button btn-absolute\" href=\"\/ued-tuzuk\"><span class=\"mo_btn_text\">Oku<\/span><\/a>      <\/div>\r\n   <\/div>   \r\n<\/div><\/div>\t\t\t\t<\/div>\n\t\t\t\t<\/div>\n\t\t\t\t\t<\/div>\n\t\t<\/div>\n\t\t\t\t<div class=\"elementor-column elementor-col-25 elementor-inner-column elementor-element elementor-element-138d31da half-table\" data-id=\"138d31da\" data-element_type=\"column\" data-e-type=\"column\">\n\t\t\t<div class=\"elementor-widget-wrap elementor-element-populated\">\n\t\t\t\t\t\t<div class=\"elementor-element elementor-element-76713583 elementor-widget elementor-widget-mo-icon-box\" data-id=\"76713583\" data-element_type=\"widget\" data-e-type=\"widget\" data-widget_type=\"mo-icon-box.default\">\n\t\t\t\t<div class=\"elementor-widget-container\">\n\t\t\t\t\t<div class=\"mo-element-mo-icon-box mo-element\"><div class=\"service iconbox icon-box-style4\">\r\n   <div class=\"content-inner\">\r\n      <div class=\"icon-wrap\"><\/div>\r\n      <div class=\"title-wrap\">\r\n         <h6  class=\"title\" data-title=\"Bas\u0131nda Biz\"><span>Bas\u0131nda Biz<\/span><\/h6>\t\r\n          <div class=\"content\">UED hakk\u0131nda bas\u0131nda \u00e7\u0131km\u0131\u015f olan haberler<\/div>         <a class=\"button btn-absolute\" href=\"\/basinda-biz\"><span class=\"mo_btn_text\">Oku<\/span><\/a>      <\/div>\r\n   <\/div>   \r\n<\/div><\/div>\t\t\t\t<\/div>\n\t\t\t\t<\/div>\n\t\t\t\t\t<\/div>\n\t\t<\/div>\n\t\t\t\t\t<\/div>\n\t\t<\/section>\n\t\t\t\t<\/div>\n\t\t","protected":false},"excerpt":{"rendered":"<p>E\u011fitim Komitesi E\u011fitim komitesi hakk\u0131nda k\u0131sa bir bilgi yaz\u0131lacak. Eren G\u00f6ker GKR Yurtd\u0131\u015f\u0131 E\u011fitim Dan\u0131\u015fmanl\u0131k \u00dcye Burcu PAKSOY EDUWORLD Uluslararas\u0131 Hizmetler Yurtd\u0131\u015f\u0131 E\u011ftiim Ba\u015fkan Yard\u0131mc\u0131s\u0131 \u00d6z\u00fcm SEKMEN EF Uluslararas\u0131 Dil Kamp\u00fcsleri \u00dcye Kaan ARMA\u011eAN SUCCESS International Yurtd\u0131\u015f\u0131 E\u011ftiim \u00dcye Tarih\u00e7e Yurtd\u0131\u015f\u0131nda e\u011fitim konusunda&#8230; Oku Vizyon &#038; Misyon Yurtd\u0131\u015f\u0131 e\u011fitim sekt\u00f6r\u00fcnde&#8230; Oku Dernek T\u00fcz\u00fc\u011f\u00fc Uluslararas\u0131 e\u011fitim [&hellip;]<\/p>\n","protected":false},"author":2,"featured_media":0,"parent":0,"menu_order":0,"comment_status":"closed","ping_status":"closed","template":"","meta":{"footnotes":""},"class_list":["post-9571","page","type-page","status-publish","hentry"],"_links":{"self":[{"href":"https:\/\/arisdot.biz\/ued\/wp-json\/wp\/v2\/pages\/9571","targetHints":{"allow":["GET"]}}],"collection":[{"href":"https:\/\/arisdot.biz\/ued\/wp-json\/wp\/v2\/pages"}],"about":[{"href":"https:\/\/arisdot.biz\/ued\/wp-json\/wp\/v2\/types\/page"}],"author":[{"embeddable":true,"href":"https:\/\/arisdot.biz\/ued\/wp-json\/wp\/v2\/users\/2"}],"replies":[{"embeddable":true,"href":"https:\/\/arisdot.biz\/ued\/wp-json\/wp\/v2\/comments?post=9571"}],"version-history":[{"count":0,"href":"https:\/\/arisdot.biz\/ued\/wp-json\/wp\/v2\/pages\/9571\/revisions"}],"wp:attachment":[{"href":"https:\/\/arisdot.biz\/ued\/wp-json\/wp\/v2\/media?parent=9571"}],"curies":[{"name":"wp","href":"https:\/\/api.w.org\/{rel}","templated":true}]}}